{"id":122,"date":"2024-03-25T09:04:21","date_gmt":"2024-03-25T09:04:21","guid":{"rendered":"http:\/\/asaclab.polito.it\/fpl2024\/?page_id=122"},"modified":"2024-03-25T10:54:00","modified_gmt":"2024-03-25T10:54:00","slug":"program-committee","status":"publish","type":"page","link":"http:\/\/asaclab.polito.it\/fpl2024\/program-committee\/","title":{"rendered":"Program Committee"},"content":{"rendered":"\n<figure class=\"wp-block-image aligncenter size-full is-resized\"><img loading=\"lazy\" decoding=\"async\" width=\"1024\" height=\"119\" src=\"http:\/\/asaclab.polito.it\/fpl2024\/wp-content\/uploads\/sites\/3\/2024\/02\/banner_registration-e1695384325302-1024x119-1.png\" alt=\"\" class=\"wp-image-40\" style=\"width:1206px\" srcset=\"http:\/\/asaclab.polito.it\/fpl2024\/wp-content\/uploads\/sites\/3\/2024\/02\/banner_registration-e1695384325302-1024x119-1.png 1024w, http:\/\/asaclab.polito.it\/fpl2024\/wp-content\/uploads\/sites\/3\/2024\/02\/banner_registration-e1695384325302-1024x119-1-300x35.png 300w, http:\/\/asaclab.polito.it\/fpl2024\/wp-content\/uploads\/sites\/3\/2024\/02\/banner_registration-e1695384325302-1024x119-1-768x89.png 768w\" sizes=\"(max-width: 1024px) 100vw, 1024px\" \/><\/figure>\n\n\n\n<h1 class=\"wp-block-heading has-text-align-center\">Program Committee<\/h1>\n\n\n\n<ul>\n<li>Mohamed Abdelfattah (Cornell University)<\/li>\n\n\n\n<li>Michael Adler (Intel)<\/li>\n\n\n\n<li>Ibrahim Ahmed (Groq)<\/li>\n\n\n\n<li>Nikolaos Alachiotis (University of Twente)<\/li>\n\n\n\n<li>Gustavo Alonso (ETH Zurich)<\/li>\n\n\n\n<li>Angelos Arelakis (ZeroPoint Technologies AB)<\/li>\n\n\n\n<li>Samuel Bayliss (Imperial College London)<\/li>\n\n\n\n<li>Kia Bazargan (Univ of Minnesota)<\/li>\n\n\n\n<li>Juergen Becker (Karlsruhe Institute of Technology)<\/li>\n\n\n\n<li>Tobias Becker <\/li>\n\n\n\n<li>Mladen Berekovic (ITI, Uni Luebec)<\/li>\n\n\n\n<li>Vaughn Betz (University of Toronto)<\/li>\n\n\n\n<li>Cristiana Bolchini (Politecnico di Milano)<\/li>\n\n\n\n<li>Christos Bouganis (Imperial College London)<\/li>\n\n\n\n<li>Philip Brisk (University of California, Riverside)<\/li>\n\n\n\n<li>Joao Cardoso (University of Porto)<\/li>\n\n\n\n<li>Benjamin Carrion Schafer (The University of Texas at Dallas)<\/li>\n\n\n\n<li>Luigi Carro (Instituto de Informatica \/ UFRGS)<\/li>\n\n\n\n<li>Ricardo Chaves (IST \/ INESC-ID)<\/li>\n\n\n\n<li>Jianyi Cheng (University of Cambridge)<\/li>\n\n\n\n<li>Ray Cheung (City University of Hong Kong)<\/li>\n\n\n\n<li>Peter Cheung (Imperial College London)<\/li>\n\n\n\n<li>Paul Chow (University of Toronto)<\/li>\n\n\n\n<li>Catalin Bogdan Ciobanu (University of Amsterdam)<\/li>\n\n\n\n<li>Davide Conficconi (Politecnico di Milano)<\/li>\n\n\n\n<li>Philippe Coussy (Universit de Bretagne Sud \/ Lab-STICC)<\/li>\n\n\n\n<li>Jose Coutinho (Imperial College London)<\/li>\n\n\n\n<li>Corrado De Sio (Politecnico di Torino)<\/li>\n\n\n\n<li>Steven Derrien (Universit\u00e9 de Rennes 1)<\/li>\n\n\n\n<li>Giorgos Dimitrakopoulos (Democritus University of Thrace)<\/li>\n\n\n\n<li>Ken Eguro (Microsoft)<\/li>\n\n\n\n<li>Zhenman Fang (Simon Fraser University)<\/li>\n\n\n\n<li>Fabrizio Ferrandi (Politecnico di Milano)<\/li>\n\n\n\n<li>Francesc Fons (Huawei Technologies)<\/li>\n\n\n\n<li>Holger Fr\u00f6ning (University of Heidelberg)<\/li>\n\n\n\n<li>Tushar Garg (Microsoft)<\/li>\n\n\n\n<li>Georgi Gaydadjiev <\/li>\n\n\n\n<li>Diana Goehringer (TU Dresden)<\/li>\n\n\n\n<li>Guy Gogniat (Universit\u00e9 de Bretagne Sud &#8211; UEB)<\/li>\n\n\n\n<li>Maya Gokhale (LLNL)<\/li>\n\n\n\n<li>Marek Gorgon (AGH University of Science and Technology)<\/li>\n\n\n\n<li>Yuko Hara (Tokyo Institute of Technology)<\/li>\n\n\n\n<li>Michael Huebner (Brandenburg University of Technology Cottbus)<\/li>\n\n\n\n<li>Paolo Ienne (EPFL)<\/li>\n\n\n\n<li>Arpith Jacob (IBM)<\/li>\n\n\n\n<li>Lana Josipovic (ETH Zurich)<\/li>\n\n\n\n<li>Christoforos Kachris (University of West Attica)<\/li>\n\n\n\n<li>Nachiket Kapre (University of Waterloo)<\/li>\n\n\n\n<li>Alireza Kaviani (Xilinx)<\/li>\n\n\n\n<li>Tom Kean (Algotronix Ltd.)<\/li>\n\n\n\n<li>Kise Kenji (Tokyo Institute of Technology)<\/li>\n\n\n\n<li>Andrew Kennings (University of Waterloo)<\/li>\n\n\n\n<li>Kenneth Kent (University of New Brunswick)<\/li>\n\n\n\n<li>Georgios Keramidas (Aristotle University of Thessaloniki\/Think Silicon S.A., GR)<\/li>\n\n\n\n<li>Ryohei Kobayashi (University of Tsukuba)<\/li>\n\n\n\n<li>Dirk Koch (The University of Manchester)<\/li>\n\n\n\n<li>Andreas Koch (TU Darmstadt)<\/li>\n\n\n\n<li>Jan Korenek (Brno University of Technology)<\/li>\n\n\n\n<li>Martin Kumm (University of Applied Sciences, Fulda)<\/li>\n\n\n\n<li>Martin Langhammer (Intel)<\/li>\n\n\n\n<li>Vianney Lapotre (Universit\u00e9 de Bretagne-Sud &#8211; Lab-STICC)<\/li>\n\n\n\n<li>Jason Lau (UCLA)<\/li>\n\n\n\n<li>Luciano Lavagno (Politecnico di Torino)<\/li>\n\n\n\n<li>Jongeun Lee (Ulsan National Institute of Science and Technology)<\/li>\n\n\n\n<li>Miriam Leeser (Northeastern Univ.)<\/li>\n\n\n\n<li>Guy Lemieux (The University of British Columbia)<\/li>\n\n\n\n<li>Philip Leong (The University of Sydney)<\/li>\n\n\n\n<li>Patrick Lysaght (Xilinx)<\/li>\n\n\n\n<li>Wai-Kei Mak (National Tsing Hua University)<\/li>\n\n\n\n<li>John McAllister (Queen&#8217;s University Belfast)<\/li>\n\n\n\n<li>Cathal McCabe (Xilinx)<\/li>\n\n\n\n<li>Antonio Miele (Politecnico di Milano)<\/li>\n\n\n\n<li>Hiroki Nakahara (Tokyo Institute of Technology)<\/li>\n\n\n\n<li>Brent Nelson (Brigham Young University)<\/li>\n\n\n\n<li>Stefan Nikolic (Ecole Polytechnique F\u00e9d\u00e9rale de Lausanne)<\/li>\n\n\n\n<li>Jose Nunez-Yanez <\/li>\n\n\n\n<li>Seda Ogrenci-Memik <\/li>\n\n\n\n<li>Julian Oppermann (Codeplay Software)<\/li>\n\n\n\n<li>Andr\u00e9s Otero (Universidad Polit\u00e9cnica de Madrid)<\/li>\n\n\n\n<li>Gianluca Palermo (Politecnico di Milano)<\/li>\n\n\n\n<li>Ioannis Papaefsfathiou (Aristotle University of Thessaloniki)<\/li>\n\n\n\n<li>Vassilis Papaefstathiou (FORTH-ICS)<\/li>\n\n\n\n<li>Philippos Papaphilippou (Trinity College Dublin)<\/li>\n\n\n\n<li>Christian Pilato (Politecnico di Milano)<\/li>\n\n\n\n<li>Thilo Pionteck (Otto-von-Guericke Universit\u00e4t Magdeburg)<\/li>\n\n\n\n<li>Marco Platzner (University of Paderborn)<\/li>\n\n\n\n<li>Christian Plessl (Paderborn University)<\/li>\n\n\n\n<li>Dionisios Pnevmatikatos (National Technical University of Athens)<\/li>\n\n\n\n<li>Mario Porrmann (Osnabrueck University)<\/li>\n\n\n\n<li>Viktor Prasanna (University of Southern California)<\/li>\n\n\n\n<li>Thomas Preu\u00dfer (AMD)<\/li>\n\n\n\n<li>Madhura Purnaprajna (PES University, Bangalore)<\/li>\n\n\n\n<li>Santhosh Kumar Rethinagiri (Xilinx Inc.)<\/li>\n\n\n\n<li>Kentaro Sano (Riken R-CCS)<\/li>\n\n\n\n<li>Marco Domenico Santambrogio (Politecnico di Milano)<\/li>\n\n\n\n<li>Ron Sass (UNC Charlotte)<\/li>\n\n\n\n<li>Paul Schumacher (Xilinx Research Labs)<\/li>\n\n\n\n<li>Olivier Sentieys (INRIA)<\/li>\n\n\n\n<li>Chiu-Wing Sham (The University of Auckland)<\/li>\n\n\n\n<li>Shreejith Shanker (Trinity College Dublin)<\/li>\n\n\n\n<li>Cristina Silvano (Politecnico di Milano)<\/li>\n\n\n\n<li>Sharad Sinha (Indian Institute of Technology (IIT) Goa)<\/li>\n\n\n\n<li>Oliver Sinnen (University of Auckland)<\/li>\n\n\n\n<li>Nicolas Sklavos (University of Patras)<\/li>\n\n\n\n<li>Hayden So (University of Hong Kong)<\/li>\n\n\n\n<li>Dimitrios Soudris (National Technical University of Athens)<\/li>\n\n\n\n<li>Ioannis Sourdis (Chalmers University of Technology)<\/li>\n\n\n\n<li>Leonel Sousa (Universidade de Lisboa)<\/li>\n\n\n\n<li>Luca Sterpone (Politecnico di Torino)<\/li>\n\n\n\n<li>Mirjana Stojilovic (Ecole Polytechnique F\u00e9d\u00e9rale de Lausanne)<\/li>\n\n\n\n<li>Dirk Stroobandt (Ghent University)<\/li>\n\n\n\n<li>Christos Strydis (Erasmus Medical Center, The Netherlands)<\/li>\n\n\n\n<li>J\u00fcrgen Teich (Friedrich-Alexander-Universit\u00e4t Erlangen-N\u00fcrnberg)<\/li>\n\n\n\n<li>Russell Tessier (University of Massachusetts, Amherst)<\/li>\n\n\n\n<li>David Thomas (University of Southampton)<\/li>\n\n\n\n<li>Tim Todman (Imperial College)<\/li>\n\n\n\n<li>Hiroyuki Tomiyama (Ritsumeikan University)<\/li>\n\n\n\n<li>Jim Torresen (University of Oslo)<\/li>\n\n\n\n<li>Pedro Trancoso (Chalmers University of Technology)<\/li>\n\n\n\n<li>Steve Trimberger (Xilinx)<\/li>\n\n\n\n<li>Antonino Tumeo (Pacific Northwest National Laboratory)<\/li>\n\n\n\n<li>Eleonora Vacca (Politecnico di Torino)<\/li>\n\n\n\n<li>Wim Vanderbauwhede (University of Glagow)<\/li>\n\n\n\n<li>Tanya Vladimirova (University of Leicester)<\/li>\n\n\n\n<li>Yu Wang (Tsinghua Univ.)<\/li>\n\n\n\n<li>Zeke Wang (Zhejiang University)<\/li>\n\n\n\n<li>John Wawrzynek (University of California, Berkeley)<\/li>\n\n\n\n<li>Markus Weinhardt (Osnabrueck University of Applied Sciences)<\/li>\n\n\n\n<li>Gabriel Weisz (Microsoft)<\/li>\n\n\n\n<li>John Wickerson (Imperial College London)<\/li>\n\n\n\n<li>Steve Wilton (The University of British Columbia)<\/li>\n\n\n\n<li>Mike Wirthlin (BYU)<\/li>\n\n\n\n<li>Roger Woods (Queen&#8217;s University Belfast)<\/li>\n\n\n\n<li>Sotirios Xydis (National Technical University of Athens)<\/li>\n\n\n\n<li>Grace Zgheib (Intel)<\/li>\n\n\n\n<li>Wei Zhang (The Hong Kong University of Science and Technology)<\/li>\n\n\n\n<li>Daniel Ziener (TU Ilmenau)<\/li>\n\n\n\n<li>Peter Zipf (Uni Kassel)<\/li>\n\n\n\n<li>Florent de Dinechin (CITI, INSA de Lyon, universit\u00e9 de Lyon, INRIA)<\/li>\n<\/ul>\n","protected":false},"excerpt":{"rendered":"<p>Program Committee<\/p>\n","protected":false},"author":1,"featured_media":0,"parent":0,"menu_order":0,"comment_status":"closed","ping_status":"closed","template":"","meta":{"_acf_changed":false,"_eb_attr":"","_editorskit_title_hidden":false,"_editorskit_reading_time":0,"_editorskit_is_block_options_detached":false,"_editorskit_block_options_position":"{}","site-sidebar-layout":"default","site-content-layout":"","ast-site-content-layout":"","site-content-style":"default","site-sidebar-style":"default","ast-global-header-display":"","ast-banner-title-visibility":"","ast-main-header-display":"","ast-hfb-above-header-display":"","ast-hfb-below-header-display":"","ast-hfb-mobile-header-display":"","site-post-title":"disabled","ast-breadcrumbs-content":"","ast-featured-img":"","footer-sml-layout":"","theme-transparent-header-meta":"","adv-header-id-meta":"","stick-header-meta":"","header-above-stick-meta":"","header-main-stick-meta":"","header-below-stick-meta":"","astra-migrate-meta-layouts":"default","ast-page-background-enabled":"default","ast-page-background-meta":{"desktop":{"background-color":"var(--ast-global-color-4)","background-image":"","background-repeat":"repeat","background-position":"center center","background-size":"auto","background-attachment":"scroll","background-type":"","background-media":"","overlay-type":"","overlay-color":"","overlay-gradient":""},"tablet":{"background-color":"","background-image":"","background-repeat":"repeat","background-position":"center center","background-size":"auto","background-attachment":"scroll","background-type":"","background-media":"","overlay-type":"","overlay-color":"","overlay-gradient":""},"mobile":{"background-color":"","background-image":"","background-repeat":"repeat","background-position":"center center","background-size":"auto","background-attachment":"scroll","background-type":"","background-media":"","overlay-type":"","overlay-color":"","overlay-gradient":""}},"ast-content-background-meta":{"desktop":{"background-color":"var(--ast-global-color-5)","background-image":"","background-repeat":"repeat","background-position":"center center","background-size":"auto","background-attachment":"scroll","background-type":"","background-media":"","overlay-type":"","overlay-color":"","overlay-gradient":""},"tablet":{"background-color":"var(--ast-global-color-5)","background-image":"","background-repeat":"repeat","background-position":"center center","background-size":"auto","background-attachment":"scroll","background-type":"","background-media":"","overlay-type":"","overlay-color":"","overlay-gradient":""},"mobile":{"background-color":"var(--ast-global-color-5)","background-image":"","background-repeat":"repeat","background-position":"center center","background-size":"auto","background-attachment":"scroll","background-type":"","background-media":"","overlay-type":"","overlay-color":"","overlay-gradient":""}},"footnotes":""},"acf":[],"aioseo_notices":[],"_links":{"self":[{"href":"http:\/\/asaclab.polito.it\/fpl2024\/wp-json\/wp\/v2\/pages\/122"}],"collection":[{"href":"http:\/\/asaclab.polito.it\/fpl2024\/wp-json\/wp\/v2\/pages"}],"about":[{"href":"http:\/\/asaclab.polito.it\/fpl2024\/wp-json\/wp\/v2\/types\/page"}],"author":[{"embeddable":true,"href":"http:\/\/asaclab.polito.it\/fpl2024\/wp-json\/wp\/v2\/users\/1"}],"replies":[{"embeddable":true,"href":"http:\/\/asaclab.polito.it\/fpl2024\/wp-json\/wp\/v2\/comments?post=122"}],"version-history":[{"count":3,"href":"http:\/\/asaclab.polito.it\/fpl2024\/wp-json\/wp\/v2\/pages\/122\/revisions"}],"predecessor-version":[{"id":133,"href":"http:\/\/asaclab.polito.it\/fpl2024\/wp-json\/wp\/v2\/pages\/122\/revisions\/133"}],"wp:attachment":[{"href":"http:\/\/asaclab.polito.it\/fpl2024\/wp-json\/wp\/v2\/media?parent=122"}],"curies":[{"name":"wp","href":"https:\/\/api.w.org\/{rel}","templated":true}]}}